t + 138. What is the remainder when 34 is divided by k?
4
Let s = 552 + -456. Calculate the remainder when s is divided by 43.
10
Let f = 35 - 50. Let c be 6/(-30) - 1263/f. Suppose 0 = -5*q + c - 19. Calculate the remainder when q is divided by 2.
1
Let b(v) = v + 9. What is the remainder when 45/2 - 9/(-6) is divided by b(0)?
6
Let a = -438 - -459. Calculate the remainder when 63 is divided by a.
0
Suppose -156 = -4*k - 3*u - 58, k + 3*u = 29. What is the remainder when 550 is divided by k?
21
Let k(t) be the third derivative of -t**5/60 + 11*t**4/24 - 11*t**3/6 - 3*t**2. Let y be k(12). Let p = y + 33. What is the remainder when 27 is divided by p?
7
Suppose 0 = -0*x - 2*x - 0*x. Suppose x = -21*m + 19*m + 114. What is the remainder when m is divided by 30?
27
Let q = 6 + 8. Let n be 6/9*(-225)/(-10). Suppose -u = -4*u + n. What is the remainder when q is divided by u?
4
Calculate the remainder when 316 - ((-12)/(-20))/((-3)/(-10)) is divided by 9.
8
Let a(d) = -d**3 + 6*d**2 + 4*d - 2. Let r = -9 - -17. Let u be 56/9 - r/36. Calculate the remainder when a(u) is divided by 8.
6
Suppose j - 5*g + 5 = 0, -g = 2*j - 0*j - 23. Let m = 7 + j. Suppose 0 = 2*c - 17 - 3. What is the remainder when m is divided by c?
7
Suppose 3*m - 64 + 4 = 0. Calculate the remainder when m is divided by (-3 - -2)/((-9)/63).
6
Let u be 69/4 - (-10)/(-40). Suppose 0 - 5 = -5*g, 0 = -2*l + 5*g + u. Suppose -2*j = 2*w - 41 - l, 0 = 3*w + 15. What is the remainder when j is divided by 8?
7
Suppose -375 = 8*x - 5*x. Let h = x + 208. Calculate the remainder when h is divided by 21.
20
Let n = 44 + 17. Let q = 66 - n. What is the remainder when 23 is divided by q?
3
Let o(v) = 9*v**2 - 8*v + 18. What is the remainder when o(4) is divided by 19?
16
Let c = 13 + -3. Suppose 13*j = -j. Suppose -3*a - 4*g + 25 = j, 3*a - 3*g + 2*g = 5. What is the remainder when c is divided by a?
1
Suppose -5*t = -0 - 75. What is the remainder when (1 - 6) + (103 - 9) is divided by t?
14
Let i = 115 + -73. Calculate the remainder when i is divided by (-6 - -5)*69/6*-2.
19
Let g be (-2 - (0 + -39))/((-1)/4). Let z be (-428)/(-20) - 2/5. Calculate the remainder when g/(-6) - 14/z is divided by 9.
6
Let m = 1377 - 1353. What is the remainder when 86 is divided by m?
14
Let c be 2/((16/6)/4). Let i be 162/4*8/6. Calculate the remainder when 3 is divided by ((-1)/c)/((-6)/i).
0
Suppose -25*h + 1616 = -534. What is the remainder when h is divided by 8?
6
Let h be (-2 - 0)*1/(2 - 1). What is the remainder when (272/(-24))/(h/3) is divided by 10?
7
Suppose -3*s - 9*j = -7*j - 170, -j + 235 = 4*s. Suppose 2*f - 5 - 27 = 0. Calculate the remainder when s is divided by f.
12
Let h(r) = r**2 - 13. What is the remainder when h(-6) is divided by 18?
5
Let d be 36/20*3/((-3)/(-5)). What is the remainder when 53 is divided by ((-114)/d)/(2 - 8/3)?
15
Let c be (-2 + -175)/(-3 - -2). Suppose 5*t - c = 113. Calculate the remainder when t is divided by 268/22 + (-12)/66.
10
Let y(o) = -38*o**3 + 2*o**2 - o - 1. Let u be y(-2). Suppose u = 4*q + 85. What is the remainder when q is divided by 1 - (-1)/((-1)/(-14))?
12
Let y = -41 + 66. Suppose -7*h + 3626 = 67*h. What is the remainder when h is divided by y?
24
Suppose -4*p = 4*f - 2728, -p + 4*f + 282 = -385. Calculate the remainder when p is divided by 68.
67
Let p = 57 - 55. Suppose -9*l = -3*l - 30. What is the remainder when l is divided by p?
1
Let x be (-1)/(-2) - (-3)/6. Suppose -5*l + 3*p + 141 = 0, -2*p + x = -5. Let r = 37 + -26. What is the remainder when l is divided by r?
8
Let n(f) = -37*f + 72. What is the remainder when 160 is divided by n(0)?
16
Let c(r) = -6*r**3 - 4*r**2 - 17*r + 9. What is the remainder when c(-3) is divided by 26?
4
Let l be 6/5*20/6. Let h be -3*(-4 + 52/12). Let a = h + l. What is the remainder when 3 is divided by a?
0
Let k(h) = -20*h - 66. What is the remainder when k(-12) is divided by 44?
42
Suppose 24*p - 68 = 220. What is the remainder when 46 is divided by p?
10
Let b(u) = -u + 10. Let j be b(7). Suppose -3*i = 4*n - 55, -41 + 4 = -2*i - j*n. What is the remainder when 32 is divided by i?
15
Let a(y) = -y**2 + 15*y - 6. Let t be a(14). Suppose -t*p = -15 - 1. Calculate the remainder when 33 is divided by (p - 0) + (-1 - -8).
6
Let c(q) = -6*q - 26. Let p be c(-8). What is the remainder when (-15)/(-6)*p*1 is divided by 14?
13
Let k = 895 + -875. What is the remainder when 1279 is divided by k?
19
Calculate the remainder when ((-220)/60)/(6/(-324)) is divided by 53.
39
Suppose -17 - 1 = -t + 3*k, 2*t = -5*k + 25. What is the remainder when 88 is divided by t?
13
Let l = 485 + -451. Calculate the remainder when l is divided by 28.
6
Suppose 5 = 2*u - 5*z - 8, -4*u + z = -53. What is the remainder when 193 is divided by u?
11
Suppose 4*r - 2*n - 6 = 0, -4*n - 6 = -r - 2*n. What is the remainder when (48 - r) + (-5)/1 + 5 is divided by 11?
4
Let h(i) = 41*i**3 + i**2 + 2*i - 2. Let x be h(1). Let o = 57 - x. What is the remainder when 55 is divided by o?
10
Let w be ((-15)/(-25) - 5) + 4/10. What is the remainder when (8 + w)*(2 - (-78)/4) is divided by 13?
8
Suppose b + 0 - 4 = 0. Suppose b*f + 12 = 24. Suppose -2*x = -x - f. Calculate the remainder when 10 is divided by x.
1
Let x = 9 - -15. Let i be (1/3)/((-3)/18). Let q(h) = 18*h**2 + 2*h + 1. Calculate the remainder when q(i) is divided by x.
21
Let d be (-6)/42 + (-740)/(-35). Suppose 14*z = 105 - d. Calculate the remainder when z is divided by 4.
2
Let r = 1212 + -1174. What is the remainder when 167 is divided by r?
15
Let d(u) = u**2 + 20*u + 18. Calculate the remainder when (-1152)/(-20) - 3/5 is divided by d(0).
3
Let a = 4342 - 1424. Calculate the remainder when a is divided by 40.
38
Suppose -36*d + 2730 = -6*d. What is the remainder when d is divided by 26?
13
Let j = 35 - 31. Suppose 4*m - 29 = 3*t, j*m = 5*t + 23 + 4. What is the remainder when 100 is divided by ((-78)/m)/(18/(-48))?
22
Let c = 32 + -19. Let o(i) be the third derivative of i**6/5 + i**3/6 + 16*i**2. What is the remainder when o(1) is divided by c?
12
Let b = 1735 + -1732. Let v(f) = f**2 + 5*f - 1. Calculate the remainder when v(-6) is divided by b.
2
Let u(k) be the first derivative of 5*k**4 + 2*k**3/3 - k + 1. Let s be u(1). Let i = 4 + s. What is the remainder when i is divided by 14?
11
Suppose -6*l = -3*l + 42. Let j(s) = -s**2 - 15*s - 9. Let i be j(l). Suppose 6*m = i + 13. Calculate the remainder when m is divided by 3.
0
Let t = 37 + -26. Let a(r) = -4 + 5*r + 4 + 6. What is the remainder when a(7) is divided by t?
8
Let y be -16 + (-3 - -7 - 8). Let i(p) = -p. What is the remainder when 97 is divided by i(y)?
17
Suppose -2*u + 53 = o, -4*o = 5*u - 97 - 28. Let a = -539 + 594. What is the remainder when a is divided by u?
26
Let n = -995 + 1017. Suppose -5*p = -0*p - 215. Calculate the remainder when p is divided by n.
21
Suppose 0 = 5*w + 5*d - 40, -3*w + 4*d = d + 6. Suppose -w*u - 2*u = -50. Calculate the remainder when ((592/(-12))/2)/((-8)/12) is divided by u.
7
Suppose -w + 3*s = -20, -4*w + 40 = -7*s + 3*s. Let y(a) = -2*a + 12. Let f be y(w). Calculate the remainder when (-1 + f)*(-6 - -29) is divided by 8.
7
Let b = -3 + 71. What is the remainder when 1970 is divided by b?
66
Let a(w) = w**3 - 5*w**2 - 4*w. Let x(l) = 2*l**3 - 11*l**2 - 8*l - 1. Let o(b) = 5*a(b) - 2*x(b). Calculate the remainder when o(4) is divided by 2.
0
Let x be ((-90)/(-72))/((-2)/(-8)). Suppose 34 = b + x*i, 4*i - 4 = b - 2. What is the remainder when b is divided by 3?
2
Suppose -5*y + 61 + 19 = 0. Suppose l - y = 13. What is the remainder when l is divided by (3/2)/(1/10)?
14
Let f(s) = -s**3 - 14*s**2 + 15*s - 1. Let l be f(-15). Calculate the remainder when (4/2 + -66)*l is divided by 6.
4
Let c = -79 - -74. Calculate the remainder when 119 is divided by ((-10)/c)/(3/15).
9
Let o = 1637 - 1338. What is the remainder when o is divided by 101?
97
Let q(d) = -d**2 - 19*d - 20. Let b be q(-18). Let o(s) = -8*s**3 - s**2 - 5*s - 1. Calculate the remainder when o(b) is divided by 12.
9
Suppose -5*j + 397 = -8. Suppose -12*t + j = -11*t. Calculate the remainder when t is divided by 12.
9
Let z(t) = -3*t**3 + 2*t**2 + 9*t - 13. Let g be z(4). Let q = -93 - g. Calculate the remainder when q is